{"id":14922,"date":"2024-06-02T10:08:38","date_gmt":"2024-06-02T15:08:38","guid":{"rendered":"https:\/\/www.lavenderink.org\/site\/?post_type=product&#038;p=14922"},"modified":"2024-11-21T14:49:02","modified_gmt":"2024-11-21T20:49:02","slug":"flores-raras-escondido-pais","status":"publish","type":"product","link":"https:\/\/www.lavenderink.org\/site\/shop\/flores-raras-escondido-pais\/","title":{"rendered":"Flores Raras: escondido pa\u00eds"},"content":{"rendered":"<h2>Flores Raras [escondido pa\u00eds]<\/h2>\n<h3 class=\"p1\">poes\u00eda de mujeres uruguayas<\/h3>\n<h2>Edited by Jesse Lee Kercheval and Silvia Guerra<\/h2>\n<p>ISBN:978-1-956921-28-1\u00a0\u00a0<\/p>\n<p>(pbk., 448 pages)<\/p>\n<p>(June, 2024)\u00a0<\/p>\n<hr \/>\n<h4 class=\"p1\">Note: This title is in Spanish only.<\/h4>\n<p>This important collection of Uruguayan women poets born before 1940 has been a runaway best-seller in Uruguay. We are now releasing the book in the US to expand the audience for this important collection. Beginning with Petrona Rosende (1797-1863) and culminating with Ana Vila (b. 1939), then anthology collects 55 women poets of startling range and originality, many of whom are now seeing their first major publication.<\/p>\n<p>&nbsp;<\/p>\n<p>Esta importante colecci\u00f3n de poetas uruguayas nacidas antes de 1940 ha sido un gran \u00e9xito en Uruguay. Ahora estamos lanzando el libro en los EE. UU. para ampliar la audiencia de esta importante colecci\u00f3n. Comenzando con Petrona Rosende (1797-1863) y culminando con Ana Vila (n. 1939), esta antolog\u00eda re\u00fane a 55 poetas de sorprendente variedad y originalidad, muchas de ellas en su primera publicaci\u00f3n importante.<\/p>\n<p>&nbsp;<\/p>\n<p class=\"p1\">\u00cdNDICE<\/p>\n<p class=\"p1\">Las otras que seremos. Silvia Guerra y Jesse Lee Kercheval \/ 9<\/p>\n<p class=\"p1\">Pr\u00f3logo: Con rigor yo viv\u00ed. Luc\u00eda Delbene \/ 13<\/p>\n<p class=\"p1\">Petrona Rosende (1797-1863) \/ 21<\/p>\n<p class=\"p1\">Dorila Castell de Orozco (1845-1930) \/ 25<\/p>\n<p class=\"p1\">Mar\u00eda Eugenia Vaz Ferreira (1875-1924) \/ 27<\/p>\n<p class=\"p1\">Luisa Luisi (1883-1940) \/ 38<\/p>\n<p class=\"p1\">Mar\u00eda Carmen Izc\u00faa Barbat de Mu\u00f1oz Xim\u00e9nez (1885-1952) \/ 40<\/p>\n<p class=\"p1\">Delmira Agustini (1886-1914) \/ 43<\/p>\n<p class=\"p1\">Juana de Ibarbourou (1892-1979) \/ 54<\/p>\n<p class=\"p1\">Sof\u00eda Arzarello (1897-1981) \/ 63<\/p>\n<p class=\"p1\">Antonia Artucio Ferreira (1889-1979) \/ 66<\/p>\n<p class=\"p1\">Mar\u00eda Adela Bonavita (1900-1934) \/ 71<\/p>\n<p class=\"p1\">Concepci\u00f3n Silva B\u00e9linzon (1903-1987) \/ 79<\/p>\n<p class=\"p1\">Esther de C\u00e1ceres (1903-1971) \/ 88<\/p>\n<p class=\"p1\">Selva M\u00e1rquez (1903-1981) \/ 95<\/p>\n<p class=\"p1\">Mar\u00eda Elena Mu\u00f1oz (1905-1964) \/ 104<\/p>\n<p class=\"p1\">Clara Silva (1905-1976) \/ 106<\/p>\n<p class=\"p1\">Blanca Luz Brum (1905-1985) \/ 120<\/p>\n<p class=\"p1\">Paulina Medeiros (1905-1992) \/ 124<\/p>\n<p class=\"p1\">Susana Soca (1906-1959) \/ 128<\/p>\n<p class=\"p1\">Edgarda Cadenazzi (1908-1991) \/ 142<\/p>\n<p class=\"p1\">Elina Castellanos (1908-?) \/ 150<\/p>\n<p class=\"p1\">Julia Clavel (1908-?) \/ 155<\/p>\n<p class=\"p1\">Virginia Brindis de Salas (1908-1958) \/ 157<\/p>\n<p class=\"p1\">Alba Roballo (1908-1996) \/ 167<\/p>\n<p class=\"p1\">Sara de Ib\u00e1\u00f1ez (1909-1971) \/ 177<\/p>\n<p class=\"p1\">Amalia de Figueredo (1909-1992) \/ 182<\/p>\n<p class=\"p1\">Giselda Zani (Welker) (1909-1975) \/ 185<\/p>\n<p class=\"p1\">Arsinoe Moratorio (1910-1994) \/ 187<\/p>\n<p class=\"p1\">Mar\u00eda de Montserrat (1913-1995) \/ 191<\/p>\n<p class=\"p1\">Maryn\u00e9s Casal Mu\u00f1oz (1915-2009) \/ 194<\/p>\n<p class=\"p1\">Idea Vilari\u00f1o (1920-2009) \/ 196<\/p>\n<p class=\"p1\">Amanda Berenguer (1921-2010) \/ 207<\/p>\n<p class=\"p1\">Gladys Castelvecchi (1922-2008) \/ 218<\/p>\n<p class=\"p1\">Orfila Bardesio (1922-2009) \/ 225<\/p>\n<p class=\"p1\">Ida Vitale (1923) \/ 235<\/p>\n<p class=\"p1\">Mar\u00eda D\u00edaz de Guerra (1923-2022) \/ 245<\/p>\n<p class=\"p1\">Alcira Soust Scaffo (1924-1997) \/ 251<\/p>\n<p class=\"p1\">Gladys Burci (1925-2004) \/ 253<\/p>\n<p class=\"p1\">Mar\u00eda Mauricia Guti\u00e9rrez (1925-1990) \/ 257<\/p>\n<p class=\"p1\">Dora Isella Russell (1925-1990) \/ 263<\/p>\n<p class=\"p1\">Graciela Saralegui (1925-1966) \/ 266<\/p>\n<p class=\"p1\">Silvia Herrera (1927-2003) \/ 271<\/p>\n<p class=\"p1\">Selva Casal (1927-2020) \/ 277<\/p>\n<p class=\"p1\">Matilde Bianchi (1928-1991) \/ 289<\/p>\n<p class=\"p1\">Alba Tejera (1929 &#8211; 2010) \/ 293<\/p>\n<p class=\"p1\">Suleika Ib\u00e1\u00f1ez (1930-2013) \/299<\/p>\n<p class=\"p1\">Nancy Bacelo (1931-2007) \/ 306<\/p>\n<p class=\"p1\">Mercedes Rein (1930-2006) \/ 317<\/p>\n<p class=\"p1\">Marosa di Giorgio (1932-2004) \/ 326<\/p>\n<p class=\"p1\">Dina D\u00edaz (1932-2020) \/ 332<\/p>\n<p class=\"p1\">Ulalume Gonz\u00e1lez de Le\u00f3n (1932-2009) \/ 336<\/p>\n<p class=\"p1\">Circe Maia (1932) \/ 341<\/p>\n<p class=\"p1\">Mar\u00eda Ester Cantonnet (1933-2017) \/ 353<\/p>\n<p class=\"p1\">Mar\u00eda Gravina (1939) \/ 360<\/p>\n<p class=\"p1\">Nidia di Giorgio (1939) \/ 369<\/p>\n<p class=\"p1\">Ana Vila (1939) \/ 373<\/p>\n<p class=\"p1\">Petrona Rosende \/ 383<\/p>\n<p class=\"p1\">El poder de la hermandad de las mujeres poetas uruguayas:\u00a0<br \/>\ndescubrir el escondido pa\u00eds. Mar\u00eda Rosa Olivera-Williams \/ 387<\/p>\n<p class=\"p1\">Perfil de las autoras \/ 397<\/p>\n","protected":false},"excerpt":{"rendered":"<p>Flores Raras: [escondido pa\u00eds]<br \/>\npoes\u00eda de mujeres uruguayas (Spanish only)\u00a0 \u00a0 978-1-956921-28-1<br \/>\nedited by Jesse Lee Kercheval and Silvia Guerra\u00a0<\/p>\n","protected":false},"featured_media":14923,"comment_status":"open","ping_status":"closed","template":"","meta":{"jetpack_post_was_ever_published":true,"jetpack_publicize_message":"","jetpack_publicize_feature_enabled":true,"jetpack_social_post_already_shared":false,"jetpack_social_options":{"image_generator_settings":{"template":"highway","default_image_id":0,"font":"","enabled":false},"version":2}},"product_brand":[],"product_cat":[236,17],"product_tag":[25,173,18,459,30,31,460],"class_list":{"0":"post-14922","1":"product","2":"type-product","3":"status-publish","4":"has-post-thumbnail","6":"product_cat-books","7":"product_cat-dialogos","8":"product_tag-anthology","9":"product_tag-jesse-lee-kercheval","10":"product_tag-poetry","11":"product_tag-silvia-guerra","12":"product_tag-spanish","13":"product_tag-uruguay","14":"product_tag-women","16":"first","17":"instock","18":"featured","19":"taxable","20":"shipping-taxable","21":"purchasable","22":"product-type-simple","23":"berocket_lgv_grid","24":"berocket_lgv_list_grid"},"yoast_head":"<!-- This site is optimized with the Yoast SEO plugin v27.0 - https:\/\/yoast.com\/product\/yoast-seo-wordpress\/ -->\n<title>Flores Raras: escondido pa\u00eds - Lavender Ink \/ Di\u00e1logos<\/title>\n<meta name=\"robots\" content=\"index, follow, max-snippet:-1, max-image-preview:large, max-video-preview:-1\" \/>\n<link rel=\"canonical\" href=\"https:\/\/www.lavenderink.org\/site\/shop\/flores-raras-escondido-pais\/\" \/>\n<meta property=\"og:locale\" content=\"en_US\" \/>\n<meta property=\"og:type\" content=\"article\" \/>\n<meta property=\"og:title\" content=\"Flores Raras: escondido pa\u00eds - Lavender Ink \/ Di\u00e1logos\" \/>\n<meta property=\"og:description\" content=\"Flores Raras: [escondido pa\u00eds] poes\u00eda de mujeres uruguayas (Spanish only)\u00a0 \u00a0 978-1-956921-28-1 edited by Jesse Lee Kercheval and Silvia Guerra\u00a0\" \/>\n<meta property=\"og:url\" content=\"https:\/\/www.lavenderink.org\/site\/shop\/flores-raras-escondido-pais\/\" \/>\n<meta property=\"og:site_name\" content=\"Lavender Ink \/ Di\u00e1logos\" \/>\n<meta property=\"article:publisher\" content=\"https:\/\/www.facebook.com\/lavenderinkdialogos\/\" \/>\n<meta property=\"article:modified_time\" content=\"2024-11-21T20:49:02+00:00\" \/>\n<meta property=\"og:image\" content=\"https:\/\/www.lavenderink.org\/site\/wp-content\/uploads\/2024\/06\/flores-cover-500.jpg\" \/>\n\t<meta property=\"og:image:width\" content=\"500\" \/>\n\t<meta property=\"og:image:height\" content=\"773\" \/>\n\t<meta property=\"og:image:type\" content=\"image\/jpeg\" \/>\n<meta name=\"twitter:card\" content=\"summary_large_image\" \/>\n<meta name=\"twitter:site\" content=\"@lavender_ink_pr\" \/>\n<meta name=\"twitter:label1\" content=\"Est. reading time\" \/>\n\t<meta name=\"twitter:data1\" content=\"2 minutes\" \/>\n<script type=\"application\/ld+json\" class=\"yoast-schema-graph\">{\"@context\":\"https:\/\/schema.org\",\"@graph\":[{\"@type\":\"WebPage\",\"@id\":\"https:\/\/www.lavenderink.org\/site\/shop\/flores-raras-escondido-pais\/\",\"url\":\"https:\/\/www.lavenderink.org\/site\/shop\/flores-raras-escondido-pais\/\",\"name\":\"Flores Raras: escondido pa\u00eds - Lavender Ink \/ Di\u00e1logos\",\"isPartOf\":{\"@id\":\"https:\/\/www.lavenderink.org\/site\/#website\"},\"primaryImageOfPage\":{\"@id\":\"https:\/\/www.lavenderink.org\/site\/shop\/flores-raras-escondido-pais\/#primaryimage\"},\"image\":{\"@id\":\"https:\/\/www.lavenderink.org\/site\/shop\/flores-raras-escondido-pais\/#primaryimage\"},\"thumbnailUrl\":\"https:\/\/www.lavenderink.org\/site\/wp-content\/uploads\/2024\/06\/flores-cover-500.jpg\",\"datePublished\":\"2024-06-02T15:08:38+00:00\",\"dateModified\":\"2024-11-21T20:49:02+00:00\",\"breadcrumb\":{\"@id\":\"https:\/\/www.lavenderink.org\/site\/shop\/flores-raras-escondido-pais\/#breadcrumb\"},\"inLanguage\":\"en-US\",\"potentialAction\":[{\"@type\":\"ReadAction\",\"target\":[\"https:\/\/www.lavenderink.org\/site\/shop\/flores-raras-escondido-pais\/\"]}]},{\"@type\":\"ImageObject\",\"inLanguage\":\"en-US\",\"@id\":\"https:\/\/www.lavenderink.org\/site\/shop\/flores-raras-escondido-pais\/#primaryimage\",\"url\":\"https:\/\/www.lavenderink.org\/site\/wp-content\/uploads\/2024\/06\/flores-cover-500.jpg\",\"contentUrl\":\"https:\/\/www.lavenderink.org\/site\/wp-content\/uploads\/2024\/06\/flores-cover-500.jpg\",\"width\":500,\"height\":773},{\"@type\":\"BreadcrumbList\",\"@id\":\"https:\/\/www.lavenderink.org\/site\/shop\/flores-raras-escondido-pais\/#breadcrumb\",\"itemListElement\":[{\"@type\":\"ListItem\",\"position\":1,\"name\":\"Home\",\"item\":\"https:\/\/www.lavenderink.org\/site\/\"},{\"@type\":\"ListItem\",\"position\":2,\"name\":\"Shop\",\"item\":\"https:\/\/www.lavenderink.org\/site\/shop\/\"},{\"@type\":\"ListItem\",\"position\":3,\"name\":\"Flores Raras: escondido pa\u00eds\"}]},{\"@type\":\"WebSite\",\"@id\":\"https:\/\/www.lavenderink.org\/site\/#website\",\"url\":\"https:\/\/www.lavenderink.org\/site\/\",\"name\":\"Lavender Ink \/ Di\u00e1logos\",\"description\":\"Publisher of Contemporary Poetry and Literary Prose\",\"publisher\":{\"@id\":\"https:\/\/www.lavenderink.org\/site\/#organization\"},\"potentialAction\":[{\"@type\":\"SearchAction\",\"target\":{\"@type\":\"EntryPoint\",\"urlTemplate\":\"https:\/\/www.lavenderink.org\/site\/?s={search_term_string}\"},\"query-input\":{\"@type\":\"PropertyValueSpecification\",\"valueRequired\":true,\"valueName\":\"search_term_string\"}}],\"inLanguage\":\"en-US\"},{\"@type\":\"Organization\",\"@id\":\"https:\/\/www.lavenderink.org\/site\/#organization\",\"name\":\"Lavender Ink \/ Di\u00e1logos\",\"url\":\"https:\/\/www.lavenderink.org\/site\/\",\"logo\":{\"@type\":\"ImageObject\",\"inLanguage\":\"en-US\",\"@id\":\"https:\/\/www.lavenderink.org\/site\/#\/schema\/logo\/image\/\",\"url\":\"https:\/\/www.lavenderink.org\/site\/wp-content\/uploads\/2018\/01\/cityscape-800.jpg\",\"contentUrl\":\"https:\/\/www.lavenderink.org\/site\/wp-content\/uploads\/2018\/01\/cityscape-800.jpg\",\"width\":800,\"height\":183,\"caption\":\"Lavender Ink \/ Di\u00e1logos\"},\"image\":{\"@id\":\"https:\/\/www.lavenderink.org\/site\/#\/schema\/logo\/image\/\"},\"sameAs\":[\"https:\/\/www.facebook.com\/lavenderinkdialogos\/\",\"https:\/\/x.com\/lavender_ink_pr\"]}]}<\/script>\n<!-- \/ Yoast SEO plugin. -->","yoast_head_json":{"title":"Flores Raras: escondido pa\u00eds - Lavender Ink \/ Di\u00e1logos","robots":{"index":"index","follow":"follow","max-snippet":"max-snippet:-1","max-image-preview":"max-image-preview:large","max-video-preview":"max-video-preview:-1"},"canonical":"https:\/\/www.lavenderink.org\/site\/shop\/flores-raras-escondido-pais\/","og_locale":"en_US","og_type":"article","og_title":"Flores Raras: escondido pa\u00eds - Lavender Ink \/ Di\u00e1logos","og_description":"Flores Raras: [escondido pa\u00eds] poes\u00eda de mujeres uruguayas (Spanish only)\u00a0 \u00a0 978-1-956921-28-1 edited by Jesse Lee Kercheval and Silvia Guerra\u00a0","og_url":"https:\/\/www.lavenderink.org\/site\/shop\/flores-raras-escondido-pais\/","og_site_name":"Lavender Ink \/ Di\u00e1logos","article_publisher":"https:\/\/www.facebook.com\/lavenderinkdialogos\/","article_modified_time":"2024-11-21T20:49:02+00:00","og_image":[{"width":500,"height":773,"url":"https:\/\/www.lavenderink.org\/site\/wp-content\/uploads\/2024\/06\/flores-cover-500.jpg","type":"image\/jpeg"}],"twitter_card":"summary_large_image","twitter_site":"@lavender_ink_pr","twitter_misc":{"Est. reading time":"2 minutes"},"schema":{"@context":"https:\/\/schema.org","@graph":[{"@type":"WebPage","@id":"https:\/\/www.lavenderink.org\/site\/shop\/flores-raras-escondido-pais\/","url":"https:\/\/www.lavenderink.org\/site\/shop\/flores-raras-escondido-pais\/","name":"Flores Raras: escondido pa\u00eds - Lavender Ink \/ Di\u00e1logos","isPartOf":{"@id":"https:\/\/www.lavenderink.org\/site\/#website"},"primaryImageOfPage":{"@id":"https:\/\/www.lavenderink.org\/site\/shop\/flores-raras-escondido-pais\/#primaryimage"},"image":{"@id":"https:\/\/www.lavenderink.org\/site\/shop\/flores-raras-escondido-pais\/#primaryimage"},"thumbnailUrl":"https:\/\/www.lavenderink.org\/site\/wp-content\/uploads\/2024\/06\/flores-cover-500.jpg","datePublished":"2024-06-02T15:08:38+00:00","dateModified":"2024-11-21T20:49:02+00:00","breadcrumb":{"@id":"https:\/\/www.lavenderink.org\/site\/shop\/flores-raras-escondido-pais\/#breadcrumb"},"inLanguage":"en-US","potentialAction":[{"@type":"ReadAction","target":["https:\/\/www.lavenderink.org\/site\/shop\/flores-raras-escondido-pais\/"]}]},{"@type":"ImageObject","inLanguage":"en-US","@id":"https:\/\/www.lavenderink.org\/site\/shop\/flores-raras-escondido-pais\/#primaryimage","url":"https:\/\/www.lavenderink.org\/site\/wp-content\/uploads\/2024\/06\/flores-cover-500.jpg","contentUrl":"https:\/\/www.lavenderink.org\/site\/wp-content\/uploads\/2024\/06\/flores-cover-500.jpg","width":500,"height":773},{"@type":"BreadcrumbList","@id":"https:\/\/www.lavenderink.org\/site\/shop\/flores-raras-escondido-pais\/#breadcrumb","itemListElement":[{"@type":"ListItem","position":1,"name":"Home","item":"https:\/\/www.lavenderink.org\/site\/"},{"@type":"ListItem","position":2,"name":"Shop","item":"https:\/\/www.lavenderink.org\/site\/shop\/"},{"@type":"ListItem","position":3,"name":"Flores Raras: escondido pa\u00eds"}]},{"@type":"WebSite","@id":"https:\/\/www.lavenderink.org\/site\/#website","url":"https:\/\/www.lavenderink.org\/site\/","name":"Lavender Ink \/ Di\u00e1logos","description":"Publisher of Contemporary Poetry and Literary Prose","publisher":{"@id":"https:\/\/www.lavenderink.org\/site\/#organization"},"potentialAction":[{"@type":"SearchAction","target":{"@type":"EntryPoint","urlTemplate":"https:\/\/www.lavenderink.org\/site\/?s={search_term_string}"},"query-input":{"@type":"PropertyValueSpecification","valueRequired":true,"valueName":"search_term_string"}}],"inLanguage":"en-US"},{"@type":"Organization","@id":"https:\/\/www.lavenderink.org\/site\/#organization","name":"Lavender Ink \/ Di\u00e1logos","url":"https:\/\/www.lavenderink.org\/site\/","logo":{"@type":"ImageObject","inLanguage":"en-US","@id":"https:\/\/www.lavenderink.org\/site\/#\/schema\/logo\/image\/","url":"https:\/\/www.lavenderink.org\/site\/wp-content\/uploads\/2018\/01\/cityscape-800.jpg","contentUrl":"https:\/\/www.lavenderink.org\/site\/wp-content\/uploads\/2018\/01\/cityscape-800.jpg","width":800,"height":183,"caption":"Lavender Ink \/ Di\u00e1logos"},"image":{"@id":"https:\/\/www.lavenderink.org\/site\/#\/schema\/logo\/image\/"},"sameAs":["https:\/\/www.facebook.com\/lavenderinkdialogos\/","https:\/\/x.com\/lavender_ink_pr"]}]}},"jetpack_publicize_connections":[],"jetpack_likes_enabled":false,"jetpack_sharing_enabled":true,"_links":{"self":[{"href":"https:\/\/www.lavenderink.org\/site\/wp-json\/wp\/v2\/product\/14922","targetHints":{"allow":["GET"]}}],"collection":[{"href":"https:\/\/www.lavenderink.org\/site\/wp-json\/wp\/v2\/product"}],"about":[{"href":"https:\/\/www.lavenderink.org\/site\/wp-json\/wp\/v2\/types\/product"}],"replies":[{"embeddable":true,"href":"https:\/\/www.lavenderink.org\/site\/wp-json\/wp\/v2\/comments?post=14922"}],"version-history":[{"count":0,"href":"https:\/\/www.lavenderink.org\/site\/wp-json\/wp\/v2\/product\/14922\/revisions"}],"wp:featuredmedia":[{"embeddable":true,"href":"https:\/\/www.lavenderink.org\/site\/wp-json\/wp\/v2\/media\/14923"}],"wp:attachment":[{"href":"https:\/\/www.lavenderink.org\/site\/wp-json\/wp\/v2\/media?parent=14922"}],"wp:term":[{"taxonomy":"product_brand","embeddable":true,"href":"https:\/\/www.lavenderink.org\/site\/wp-json\/wp\/v2\/product_brand?post=14922"},{"taxonomy":"product_cat","embeddable":true,"href":"https:\/\/www.lavenderink.org\/site\/wp-json\/wp\/v2\/product_cat?post=14922"},{"taxonomy":"product_tag","embeddable":true,"href":"https:\/\/www.lavenderink.org\/site\/wp-json\/wp\/v2\/product_tag?post=14922"}],"curies":[{"name":"wp","href":"https:\/\/api.w.org\/{rel}","templated":true}]}}